s(-9). Suppose 3*g - 110 = -2*x - k*x, 0 = -4*g + 3*x + 137. Suppose 5*f + 5*q - 90 = 0, g = 5*q + 10. What is the units digit of f?
3
Let i(s) be the first derivative of s**2/2 - 3*s - 3. Let u be i(6). Suppose -2*n = -u*n + 6. What is the units digit of n?
6
Let g = 6 + -4. Suppose -4*r + 12 = g*p - 10, 0 = 3*r + p - 15. Suppose -4*t + r + 16 = 0. What is the units digit of t?
5
Suppose -3*q - 2*q = -235. What is the tens digit of q?
4
Suppose 2*v - 6 = -v. Suppose 0 = v*q + 2*q - 48. What is the units digit of q?
2
Suppose -3*o + 65 = 2*o. What is the units digit of o/26 - (-41)/2?
1
Suppose -4*i = -3*i. Suppose -2*c - c + 15 = i. Suppose -2*y + 22 = 4*t, c*t - 3*t - 1 = -3*y. What is the units digit of t?
8
Let z = -27 + 8. Let v = z - -59. What is the units digit of v?
0
Let o(s) = s + 18. Let l be o(-14). Let i be (1 - 0)*1 - -2. Suppose -i*h = -5*f + 7, -5 = -h + 4*h - l*f. What is the units digit of h?
1
Suppose -f + 5 = 0, 2*v - v - 134 = -5*f. What is the hundreds digit of v?
1
What is the units digit of (-4)/10 - (3 + (-1314)/10)?
8
Let s(t) be the third derivative of -t**5/60 - t**4/2 - 2*t**3/3 + 3*t**2. What is the units digit of s(-11)?
7
Let q = -124 + 176. Let y = q + -13. Let g = y + -26. What is the tens digit of g?
1
Suppose 0 = 3*s + 19 - 121. Let j = s - 12. What is the units digit of j?
2
Suppose 4*i - 3*w + w + 8 = 0, -i - 4*w = -16. Suppose 0*b = 4*b + 3*n - 163, i = 2*b - n - 79. What is the units digit of b?
0
Suppose 7 = 3*n - 65. Suppose -36 = -0*v - 3*v - h, 2*v - 2*h = n. What is the units digit of v?
2
Let d be (-75)/(-20) + (-1)/(-4). Suppose -d*i + 11 = 3*s - 7, -2*s - 5 = -3*i. What is the units digit of i?
3
Suppose 23*k - 25*k + 154 = 0. What is the tens digit of k?
7
Let o(h) = h**2 - 5*h. Let c(q) = q**3 - 3*q**2 - 2*q - 1. Let k be c(4). What is the tens digit of o(k)?
1
What is the tens digit of 7/(-1 - 1/32*-34)?
1
Suppose 3*c - 3 = 3*w, -1 + 0 = 3*c - 4*w. What is the units digit of c - (1 + 0 + -4)?
8
What is the units digit of -4*(-2)/4 + 0/(-3)?
2
Let r = 13 - 9. Suppose r*p - 20 = 2*l, 0 = 4*p + 4*l - 8. What is the units digit of p?
4
Let x(s) be the second derivative of -s**3/6 + 3*s**2/2 - 2*s. Let p be x(0). Suppose p*j - 33 = -5*y, -j = j + y - 15. What is the units digit of j?
6
Let c(z) = -z**2 + z - 39. Let v be c(0). What is the units digit of 6/(-10) + v/(-15)?
2
Suppose 2*m = m + 2. What is the tens digit of (m - 1)*9 - -2?
1
Suppose 7 = 2*j - 3*m, 5*j = 4*j - 4*m - 2. Suppose 0*z = -j*z + 6. Suppose 0 = -z*y + 6 + 21. What is the units digit of y?
9
Let a(i) = -i**3 + 5*i**2 + 3*i + 3. Let y be a(5). Suppose -3*p + 5*p - y = 0. Suppose p = g + 2*g. What is the units digit of g?
3
Let o be 0*(-3 + (-10)/(-4)). Suppose o = -0*p + 5*p - 75. What is the units digit of p?
5
Let l(b) = -8 + 2*b + 4*b - 7*b. Let g be l(-7). What is the units digit of (2/6)/(g/(-3))?
1
Let q = 166 - 32. What is the units digit of q?
4
Let w(u) = u**3 + 3*u**2 + u - 4. Let g be w(-3). Let r be g/(-28) + 22/8. Suppose -4*h - 11 = d + 2*d, 0 = -r*h - 15. What is the units digit of d?
3
Let o(z) = 44*z - 1. Let y be o(4). Suppose y = 4*w + w. Let m = w - 21. What is the tens digit of m?
1
Let a = 32 + 45. What is the tens digit of a?
7
Let o be (-2 - (-2)/2) + 1. Suppose 5*q - 30 - 5 = o. What is the units digit of q?
7
Suppose -2*s + 7*s - 5 = 0. Suppose -14 - s = -5*q. Suppose -23 = -4*d + d + 5*r, 4*d + q*r = -8. What is the units digit of d?
1
Let n(i) = i**2 + i + 4. Let x be -20 - -13 - 1*-2. What is the tens digit of n(x)?
2
Let z(q) = -17*q - 7. What is the tens digit of z(-3)?
4
Let x = -1 - 10. Let r = 47 + x. What is the units digit of r?
6
Suppose 0 = 5*v - 2*m - 291, 0*v - 2*m + 299 = 5*v. What is the units digit of v?
9
Suppose 420 = 3*y + 5*x, 2*y - 296 = -0*x + 2*x. What is the tens digit of y?
4
Suppose 0*z + 5*r = -3*z - 4, -4*z = 5*r + 2. Suppose -23 = -3*j - z*m - 10, -5*j = 3*m - 22. Let u = 8 - j. What is the units digit of u?
3
Suppose -3 + 1 = -c. Let b(i) = 9*i**3 - c*i**3 - i**3 + 5*i**3. What is the tens digit of b(1)?
1
Let u be 9/(-18) + (-9)/(-2). Let c = 15 + u. Suppose j - g + c = 3*j, 2*g + 2 = 0. What is the tens digit of j?
1
Let y(s) = 2*s - 11. What is the tens digit of y(15)?
1
Let d = -17 - -29. Let v = -6 + d. Suppose -2*t = v, -2*z + 6 = -4*t - 40. What is the units digit of z?
7
Let c = -29 + 58. What is the tens digit of c?
2
Suppose v = -2*v + 51. What is the units digit of v?
7
Suppose -6 = -2*p - i, -5*p + 16 = -2*p + 5*i. Suppose 4*w = 20, -p*n - w + 36 = w. What is the units digit of n?
3
Let i = -48 + 176. What is the tens digit of i?
2
Suppose 0 = -4*x - 6 - 2, 2*x = 2*s + 40. Let w be s/(-5) + 6/(-15). Suppose 26 = 5*d - w. What is the units digit of d?
6
Suppose 0 = 2*h - 0*h - 6. What is the tens digit of (1/(-2))/(h/(-258))?
4
Let l(d) = 0*d**2 + d**2 - 2 + 6. Let r be l(-4). What is the units digit of r/(-4)*18/(-10)?
9
Let b(l) = -l**2 + 4*l + 4. Let u be b(5). What is the tens digit of 2 - (-12 - (u + 2))?
1
Let a = 40 - 103. Let v be (-1)/5 + a/(-15). Suppose -v*q + 3 = -1. What is the units digit of q?
1
Let h(i) = i**2 + 8*i + 37. What is the hundreds digit of h(-14)?
1
Suppose -3*p - 40 = p. Let d be (-4)/18 + 330/27. What is the units digit of p/15*d/(-1)?
8
Let j(x) = -x + 7. Let i be j(5). Suppose -2*f = i*f - 44. What is the units digit of f?
1
Let t be 3 + 0 + 0 + 0. Let i be (-8)/t*6/(-4). Let w(r) = r**3 - 3*r**2 - 4*r + 3. What is the units digit of w(i)?
3
Let d = -1 - 0. Let y be (-4)/d - (-1 - -3). Let g = 6 - y. What is the units digit of g?
4
Suppose 2*z = -2*z + 96. What is the tens digit of z?
2
Let j(h) = h**2 - 5. Let r be j(-8). Suppose 0 = -d + 4*p + r, -3 = p + 2*p. What is the units digit of 4/(-6) - d/(-15)?
3
Suppose -a + 2*o = 5*o + 3, a + 27 = 3*o. Let v be 10/a*(-18)/4. Suppose -g - 2*m = -v*g + 6, -g - 3*m + 23 = 0. What is the units digit of g?
8
Let q = 4 + -4. Suppose q = y - 14 + 2. Suppose 2*a = -2*t + 4, -5*a - 3*t = -0*t - y. What is the units digit of a?
3
Suppose 2*u - 3*u - 16 = 4*g, 4*u = -g - 4. Suppose u = 6*r - 2*r. Suppose 1 = y - r*y. What is the units digit of y?
1
Suppose -81 = 3*w + l + 20, 171 = -5*w - l. What is the units digit of 5/2*(-238)/w?
7
Let i(s) = -s**2 + 7*s + 221. What is the units digit of i(0)?
1
What is the hundreds digit of 2012/19 - (-2)/19?
1
Let y(b) = -7*b**2 + 6*b - 13. Let w(v) = 20*v**2 - 18*v + 38. Let m(t) = 6*w(t) + 17*y(t). What is the units digit of m(6)?
7
Let u = -258 - -425. What is the hundreds digit of u?
1
Suppose -b = -2*b. Suppose x + 2 - 7 = b. What is the units digit of x?
5
Let o(a) = -a**3 - a**2 + 2*a + 21. Suppose -3*k + 0*m - m - 4 = 0, -3*m = -4*k + 12. What is the units digit of o(k)?
1
Let i = 5 - 2. Suppose 4*k = -5*m + 97, m + 34 = 3*k - i*m. Suppose -k = -h + 2*j, 2*h + 2 - 6 = -4*j. What is the units digit of h?
0
Let o be 1/((6/10)/(-3)). Let j = 4 - o. What is the units digit of j?
9
Let m(n) = 11*n - 16. What is the tens digit of m(9)?
8
Let k(d) = 2*d**2 - 2*d - 9. Let y be k(4). Let m = -6 + y. What is the units digit of m?
9
Suppose -3*t - 3*t = -426. What is the tens digit of t?
7
Suppose 0 = -3*w + 186 - 39. What is the tens digit of w?
4
Let q(a) = a**2 + 9*a - 2. Let s be q(-11). Suppose -2*d + 2*c + s = 0, -d + 2*c = -6*d + 43. What is the units digit of (-6)/d*(0 + -3)?
2
Let r(x) be the third derivative of -11*x**4/24 + x**3/6 + 2*x**2. Let y be r(1). What is the units digit of (0 + 1 - y) + -2?
9
Let j(a) = 5*a**2 + 3*a - 10. What is the units digit of j(4)?
2
Let p be (-11)/(-4) - 1/(-4). Let s = 1 - p. Let j(a) = a**2 - a. What is the units digit of j(s)?
6
Let s be ((-8)/(-10))/((-6)/15). What is the units digit of ((-3)/s)/(12/72)?
9
Suppose 3*k = -0*k. Suppose -3*a + 70 = 3*h + 2*h, 5*a - 2*h - 127 = k. What is the units digit of a?
5
Let l be 2/(-5) + (-2)/(-5). Suppose 2*f = -l*f + 4. Suppose 0*x + f*x - 10 = -2*b, -4*x + 2*b = 4. What is the units digit of x?
1
Suppose 4*w + i - 101 = 0, i = 4*w - 89 - 18. What is the units digit of w?
6
Suppose 5*l - 200 = 5*h, l + 3*h - 50 + 10 = 0. Suppose -q = q - l. What is the units digit of q?
0
Suppose -3*g + 2*q - 5*q = -21, -3*q + 11 = -2*g. Let j = g + 7. What is the units digit of j?
9
